{"id":3761,"date":"2019-07-06T02:37:08","date_gmt":"2019-07-06T02:37:08","guid":{"rendered":"https:\/\/www.spacub.com\/spacubsl\/?post_type=product&#038;p=3761"},"modified":"2019-12-12T03:47:05","modified_gmt":"2019-12-12T03:47:05","slug":"800","status":"publish","type":"product","link":"https:\/\/www.spacub.com\/spacubsl\/es\/product\/800\/","title":{"rendered":"800"},"content":{"rendered":"","protected":false},"excerpt":{"rendered":"<h2><strong>M<\/strong><strong>ASCARILLA<\/strong><\/h2>\n<p><strong>R<\/strong><strong>EF<\/strong><strong>. <\/strong>800<\/p>\n<p style=\"text-align: justify;\"><strong>D<\/strong><strong>ESCRIPCI\u00d3N<\/strong><strong>: <\/strong>Mascarilla fabricada en caucho termopl\u00e1stico. En el cuerpo van alojados dos conectores del filtro y la v\u00e1lvula de exhalaci\u00f3n. Esta v\u00e1lvula est\u00e1 formada por un portav\u00e1lvula y una membrana. Banda de nuca y banda de cabeza de gran confort y f\u00e1cil sistema de regulaci\u00f3n. Conexi\u00f3n de filtro por bayoneta. Compatible con los filtros 757-N.<\/p>\n<p style=\"text-align: justify;\"><strong>N<\/strong><strong>ORMATIVA<\/strong><strong>: <\/strong>EN 140. Protecci\u00f3n respiratoria. Medias m\u00e1scaras y cuartos de mascara. Requisitos, ensayos marcado.<\/p>\n<p><a class=\"excerpt-more\" href=\"https:\/\/www.spacub.com\/spacubsl\/es\/product\/800\/\">Read More...<\/a><\/p>","protected":false},"featured_media":3762,"comment_status":"closed","ping_status":"closed","template":"","meta":[],"product_cat":[777],"product_tag":[],"yoast_head":"<!-- This site is optimized with the Yoast SEO plugin v22.7 - https:\/\/yoast.com\/wordpress\/plugins\/seo\/ -->\n<title>800 - SPACUB<\/title>\n<meta name=\"robots\" content=\"index, follow, max-snippet:-1, max-image-preview:large, max-video-preview:-1\" \/>\n<link rel=\"canonical\" href=\"https:\/\/www.spacub.com\/spacubsl\/es\/product\/800\/\" \/>\n<meta property=\"og:locale\" content=\"en_US\" \/>\n<meta property=\"og:type\" content=\"article\" \/>\n<meta property=\"og:title\" content=\"800 - SPACUB\" \/>\n<meta property=\"og:description\" content=\"MASCARILLA REF. 800 DESCRIPCI\u00d3N: Mascarilla fabricada en caucho termopl\u00e1stico. En el cuerpo van alojados dos conectores del filtro y la v\u00e1lvula de exhalaci\u00f3n. Esta v\u00e1lvula est\u00e1 formada por un portav\u00e1lvula y una membrana. Banda de nuca y banda de cabeza de gran confort y f\u00e1cil sistema de regulaci\u00f3n. Conexi\u00f3n de filtro por bayoneta. Compatible con los filtros 757-N. NORMATIVA: EN 140. Protecci\u00f3n respiratoria. Medias m\u00e1scaras y cuartos de mascara. Requisitos, ensayos marcado.\" \/>\n<meta property=\"og:url\" content=\"https:\/\/www.spacub.com\/spacubsl\/es\/product\/800\/\" \/>\n<meta property=\"og:site_name\" content=\"SPACUB\" \/>\n<meta property=\"article:modified_time\" content=\"2019-12-12T03:47:05+00:00\" \/>\n<meta property=\"og:image\" content=\"https:\/\/www.spacub.com\/spacubsl\/wp-content\/uploads\/2019\/07\/800.jpg\" \/>\n\t<meta property=\"og:image:width\" content=\"640\" \/>\n\t<meta property=\"og:image:height\" content=\"480\" \/>\n\t<meta property=\"og:image:type\" content=\"image\/jpeg\" \/>\n<meta name=\"twitter:card\" content=\"summary_large_image\" \/>\n<script type=\"application\/ld+json\" class=\"yoast-schema-graph\">{\"@context\":\"https:\/\/schema.org\",\"@graph\":[{\"@type\":\"WebPage\",\"@id\":\"https:\/\/www.spacub.com\/spacubsl\/es\/product\/800\/\",\"url\":\"https:\/\/www.spacub.com\/spacubsl\/es\/product\/800\/\",\"name\":\"800 - SPACUB\",\"isPartOf\":{\"@id\":\"https:\/\/www.spacub.com\/spacubsl\/#website\"},\"primaryImageOfPage\":{\"@id\":\"https:\/\/www.spacub.com\/spacubsl\/es\/product\/800\/#primaryimage\"},\"image\":{\"@id\":\"https:\/\/www.spacub.com\/spacubsl\/es\/product\/800\/#primaryimage\"},\"thumbnailUrl\":\"https:\/\/www.spacub.com\/spacubsl\/wp-content\/uploads\/2019\/07\/800.jpg\",\"datePublished\":\"2019-07-06T02:37:08+00:00\",\"dateModified\":\"2019-12-12T03:47:05+00:00\",\"breadcrumb\":{\"@id\":\"https:\/\/www.spacub.com\/spacubsl\/es\/product\/800\/#breadcrumb\"},\"inLanguage\":\"en-US\",\"potentialAction\":[{\"@type\":\"ReadAction\",\"target\":[\"https:\/\/www.spacub.com\/spacubsl\/es\/product\/800\/\"]}]},{\"@type\":\"ImageObject\",\"inLanguage\":\"en-US\",\"@id\":\"https:\/\/www.spacub.com\/spacubsl\/es\/product\/800\/#primaryimage\",\"url\":\"https:\/\/www.spacub.com\/spacubsl\/wp-content\/uploads\/2019\/07\/800.jpg\",\"contentUrl\":\"https:\/\/www.spacub.com\/spacubsl\/wp-content\/uploads\/2019\/07\/800.jpg\",\"width\":640,\"height\":480},{\"@type\":\"BreadcrumbList\",\"@id\":\"https:\/\/www.spacub.com\/spacubsl\/es\/product\/800\/#breadcrumb\",\"itemListElement\":[{\"@type\":\"ListItem\",\"position\":1,\"name\":\"Home\",\"item\":\"https:\/\/www.spacub.com\/spacubsl\/es\/\"},{\"@type\":\"ListItem\",\"position\":2,\"name\":\"Products\",\"item\":\"https:\/\/www.spacub.com\/spacubsl\/en\/shop\/\"},{\"@type\":\"ListItem\",\"position\":3,\"name\":\"800\"}]},{\"@type\":\"WebSite\",\"@id\":\"https:\/\/www.spacub.com\/spacubsl\/#website\",\"url\":\"https:\/\/www.spacub.com\/spacubsl\/\",\"name\":\"SPACUB\",\"description\":\"... por tu seguridad\",\"potentialAction\":[{\"@type\":\"SearchAction\",\"target\":{\"@type\":\"EntryPoint\",\"urlTemplate\":\"https:\/\/www.spacub.com\/spacubsl\/?s={search_term_string}\"},\"query-input\":\"required name=search_term_string\"}],\"inLanguage\":\"en-US\"}]}<\/script>\n<!-- \/ Yoast SEO plugin. -->","yoast_head_json":{"title":"800 - SPACUB","robots":{"index":"index","follow":"follow","max-snippet":"max-snippet:-1","max-image-preview":"max-image-preview:large","max-video-preview":"max-video-preview:-1"},"canonical":"https:\/\/www.spacub.com\/spacubsl\/es\/product\/800\/","og_locale":"en_US","og_type":"article","og_title":"800 - SPACUB","og_description":"MASCARILLA REF. 800 DESCRIPCI\u00d3N: Mascarilla fabricada en caucho termopl\u00e1stico. En el cuerpo van alojados dos conectores del filtro y la v\u00e1lvula de exhalaci\u00f3n. Esta v\u00e1lvula est\u00e1 formada por un portav\u00e1lvula y una membrana. Banda de nuca y banda de cabeza de gran confort y f\u00e1cil sistema de regulaci\u00f3n. Conexi\u00f3n de filtro por bayoneta. Compatible con los filtros 757-N. NORMATIVA: EN 140. Protecci\u00f3n respiratoria. Medias m\u00e1scaras y cuartos de mascara. Requisitos, ensayos marcado.","og_url":"https:\/\/www.spacub.com\/spacubsl\/es\/product\/800\/","og_site_name":"SPACUB","article_modified_time":"2019-12-12T03:47:05+00:00","og_image":[{"width":640,"height":480,"url":"https:\/\/www.spacub.com\/spacubsl\/wp-content\/uploads\/2019\/07\/800.jpg","type":"image\/jpeg"}],"twitter_card":"summary_large_image","schema":{"@context":"https:\/\/schema.org","@graph":[{"@type":"WebPage","@id":"https:\/\/www.spacub.com\/spacubsl\/es\/product\/800\/","url":"https:\/\/www.spacub.com\/spacubsl\/es\/product\/800\/","name":"800 - SPACUB","isPartOf":{"@id":"https:\/\/www.spacub.com\/spacubsl\/#website"},"primaryImageOfPage":{"@id":"https:\/\/www.spacub.com\/spacubsl\/es\/product\/800\/#primaryimage"},"image":{"@id":"https:\/\/www.spacub.com\/spacubsl\/es\/product\/800\/#primaryimage"},"thumbnailUrl":"https:\/\/www.spacub.com\/spacubsl\/wp-content\/uploads\/2019\/07\/800.jpg","datePublished":"2019-07-06T02:37:08+00:00","dateModified":"2019-12-12T03:47:05+00:00","breadcrumb":{"@id":"https:\/\/www.spacub.com\/spacubsl\/es\/product\/800\/#breadcrumb"},"inLanguage":"en-US","potentialAction":[{"@type":"ReadAction","target":["https:\/\/www.spacub.com\/spacubsl\/es\/product\/800\/"]}]},{"@type":"ImageObject","inLanguage":"en-US","@id":"https:\/\/www.spacub.com\/spacubsl\/es\/product\/800\/#primaryimage","url":"https:\/\/www.spacub.com\/spacubsl\/wp-content\/uploads\/2019\/07\/800.jpg","contentUrl":"https:\/\/www.spacub.com\/spacubsl\/wp-content\/uploads\/2019\/07\/800.jpg","width":640,"height":480},{"@type":"BreadcrumbList","@id":"https:\/\/www.spacub.com\/spacubsl\/es\/product\/800\/#breadcrumb","itemListElement":[{"@type":"ListItem","position":1,"name":"Home","item":"https:\/\/www.spacub.com\/spacubsl\/es\/"},{"@type":"ListItem","position":2,"name":"Products","item":"https:\/\/www.spacub.com\/spacubsl\/en\/shop\/"},{"@type":"ListItem","position":3,"name":"800"}]},{"@type":"WebSite","@id":"https:\/\/www.spacub.com\/spacubsl\/#website","url":"https:\/\/www.spacub.com\/spacubsl\/","name":"SPACUB","description":"... por tu seguridad","potentialAction":[{"@type":"SearchAction","target":{"@type":"EntryPoint","urlTemplate":"https:\/\/www.spacub.com\/spacubsl\/?s={search_term_string}"},"query-input":"required name=search_term_string"}],"inLanguage":"en-US"}]}},"_links":{"self":[{"href":"https:\/\/www.spacub.com\/spacubsl\/wp-json\/wp\/v2\/product\/3761"}],"collection":[{"href":"https:\/\/www.spacub.com\/spacubsl\/wp-json\/wp\/v2\/product"}],"about":[{"href":"https:\/\/www.spacub.com\/spacubsl\/wp-json\/wp\/v2\/types\/product"}],"replies":[{"embeddable":true,"href":"https:\/\/www.spacub.com\/spacubsl\/wp-json\/wp\/v2\/comments?post=3761"}],"version-history":[{"count":0,"href":"https:\/\/www.spacub.com\/spacubsl\/wp-json\/wp\/v2\/product\/3761\/revisions"}],"wp:featuredmedia":[{"embeddable":true,"href":"https:\/\/www.spacub.com\/spacubsl\/wp-json\/wp\/v2\/media\/3762"}],"wp:attachment":[{"href":"https:\/\/www.spacub.com\/spacubsl\/wp-json\/wp\/v2\/media?parent=3761"}],"wp:term":[{"taxonomy":"product_cat","embeddable":true,"href":"https:\/\/www.spacub.com\/spacubsl\/wp-json\/wp\/v2\/product_cat?post=3761"},{"taxonomy":"product_tag","embeddable":true,"href":"https:\/\/www.spacub.com\/spacubsl\/wp-json\/wp\/v2\/product_tag?post=3761"}],"curies":[{"name":"wp","href":"https:\/\/api.w.org\/{rel}","templated":true}]}}