{"id":2912,"date":"2019-04-24T02:30:00","date_gmt":"2019-04-24T02:30:00","guid":{"rendered":"https:\/\/www.spacub.com\/spacubsl\/?post_type=product&#038;p=2912"},"modified":"2020-01-15T18:51:25","modified_gmt":"2020-01-15T18:51:25","slug":"buz-t-mv","status":"publish","type":"product","link":"https:\/\/www.spacub.com\/spacubsl\/es\/product\/buz-t-mv\/","title":{"rendered":"BUZ-T\/MV"},"content":{"rendered":"","protected":false},"excerpt":{"rendered":"<h2 style=\"text-align: left;\"><strong>Mono media Visibilidad<\/strong><\/h2>\n<p><strong>Ref.<\/strong> BUZ-T\/MV<\/p>\n<p style=\"text-align: justify;\"><strong>Descripci\u00f3n:<\/strong> Mono de media visibilidad en sarga 200gr. Compuesto 65% poli\u00e9ster y 35% algod\u00f3n. Una banda reflectante en el pecho. Apertura frontal por el pecho. El\u00e1stico en la parte trasera. Pu\u00f1os el\u00e1sticos<\/p>\n<p>Disponible en 100% algod\u00f3n.<\/p>\n<p style=\"text-align: left;\"><strong>Talla:<\/strong> S \/ M \/ L \/ XL \/ XXL \/ XXXL<\/p>\n<p style=\"text-align: left;\"><strong>Color: <\/strong>Azul (BUZ-T\/MV-AZ)<\/p>\n<p style=\"text-align: left;\">\u00a0\u00a0\u00a0\u00a0\u00a0\u00a0\u00a0\u00a0\u00a0\u00a0\u00a0 Verde (BUZ-T\/MV-V)<\/p>\n<p style=\"text-align: left;\">\u00a0\u00a0\u00a0\u00a0\u00a0\u00a0\u00a0\u00a0\u00a0\u00a0\u00a0 Naranja (BUZ-T\/AV-N)<\/p>\n<p style=\"text-align: justify;\"><strong>Normativa:<\/strong> EN 340. Ropa de protecci\u00f3n.<\/p>\n<p><a class=\"excerpt-more\" href=\"https:\/\/www.spacub.com\/spacubsl\/es\/product\/buz-t-mv\/\">Read More...<\/a><\/p>","protected":false},"featured_media":5404,"comment_status":"closed","ping_status":"closed","template":"","meta":[],"product_cat":[789],"product_tag":[],"yoast_head":"<!-- This site is optimized with the Yoast SEO plugin v22.7 - https:\/\/yoast.com\/wordpress\/plugins\/seo\/ -->\n<title>BUZ-T\/MV - SPACUB<\/title>\n<meta name=\"robots\" content=\"index, follow, max-snippet:-1, max-image-preview:large, max-video-preview:-1\" \/>\n<link rel=\"canonical\" href=\"https:\/\/www.spacub.com\/spacubsl\/es\/product\/buz-t-mv\/\" \/>\n<meta property=\"og:locale\" content=\"en_US\" \/>\n<meta property=\"og:type\" content=\"article\" \/>\n<meta property=\"og:title\" content=\"BUZ-T\/MV - SPACUB\" \/>\n<meta property=\"og:description\" content=\"Mono media Visibilidad Ref. BUZ-T\/MV Descripci\u00f3n: Mono de media visibilidad en sarga 200gr. Compuesto 65% poli\u00e9ster y 35% algod\u00f3n. Una banda reflectante en el pecho. Apertura frontal por el pecho. El\u00e1stico en la parte trasera. Pu\u00f1os el\u00e1sticos Disponible en 100% algod\u00f3n. Talla: S \/ M \/ L \/ XL \/ XXL \/ XXXL Color: Azul (BUZ-T\/MV-AZ) \u00a0\u00a0\u00a0\u00a0\u00a0\u00a0\u00a0\u00a0\u00a0\u00a0\u00a0 Verde (BUZ-T\/MV-V) \u00a0\u00a0\u00a0\u00a0\u00a0\u00a0\u00a0\u00a0\u00a0\u00a0\u00a0 Naranja (BUZ-T\/AV-N) Normativa: EN 340. Ropa de protecci\u00f3n.\" \/>\n<meta property=\"og:url\" content=\"https:\/\/www.spacub.com\/spacubsl\/es\/product\/buz-t-mv\/\" \/>\n<meta property=\"og:site_name\" content=\"SPACUB\" \/>\n<meta property=\"article:modified_time\" content=\"2020-01-15T18:51:25+00:00\" \/>\n<meta property=\"og:image\" content=\"https:\/\/www.spacub.com\/spacubsl\/wp-content\/uploads\/2019\/04\/BUZ-T-MV.jpg\" \/>\n\t<meta property=\"og:image:width\" content=\"640\" \/>\n\t<meta property=\"og:image:height\" content=\"480\" \/>\n\t<meta property=\"og:image:type\" content=\"image\/jpeg\" \/>\n<meta name=\"twitter:card\" content=\"summary_large_image\" \/>\n<script type=\"application\/ld+json\" class=\"yoast-schema-graph\">{\"@context\":\"https:\/\/schema.org\",\"@graph\":[{\"@type\":\"WebPage\",\"@id\":\"https:\/\/www.spacub.com\/spacubsl\/es\/product\/buz-t-mv\/\",\"url\":\"https:\/\/www.spacub.com\/spacubsl\/es\/product\/buz-t-mv\/\",\"name\":\"BUZ-T\/MV - SPACUB\",\"isPartOf\":{\"@id\":\"https:\/\/www.spacub.com\/spacubsl\/#website\"},\"primaryImageOfPage\":{\"@id\":\"https:\/\/www.spacub.com\/spacubsl\/es\/product\/buz-t-mv\/#primaryimage\"},\"image\":{\"@id\":\"https:\/\/www.spacub.com\/spacubsl\/es\/product\/buz-t-mv\/#primaryimage\"},\"thumbnailUrl\":\"https:\/\/www.spacub.com\/spacubsl\/wp-content\/uploads\/2019\/04\/BUZ-T-MV.jpg\",\"datePublished\":\"2019-04-24T02:30:00+00:00\",\"dateModified\":\"2020-01-15T18:51:25+00:00\",\"breadcrumb\":{\"@id\":\"https:\/\/www.spacub.com\/spacubsl\/es\/product\/buz-t-mv\/#breadcrumb\"},\"inLanguage\":\"en-US\",\"potentialAction\":[{\"@type\":\"ReadAction\",\"target\":[\"https:\/\/www.spacub.com\/spacubsl\/es\/product\/buz-t-mv\/\"]}]},{\"@type\":\"ImageObject\",\"inLanguage\":\"en-US\",\"@id\":\"https:\/\/www.spacub.com\/spacubsl\/es\/product\/buz-t-mv\/#primaryimage\",\"url\":\"https:\/\/www.spacub.com\/spacubsl\/wp-content\/uploads\/2019\/04\/BUZ-T-MV.jpg\",\"contentUrl\":\"https:\/\/www.spacub.com\/spacubsl\/wp-content\/uploads\/2019\/04\/BUZ-T-MV.jpg\",\"width\":640,\"height\":480},{\"@type\":\"BreadcrumbList\",\"@id\":\"https:\/\/www.spacub.com\/spacubsl\/es\/product\/buz-t-mv\/#breadcrumb\",\"itemListElement\":[{\"@type\":\"ListItem\",\"position\":1,\"name\":\"Home\",\"item\":\"https:\/\/www.spacub.com\/spacubsl\/es\/\"},{\"@type\":\"ListItem\",\"position\":2,\"name\":\"Products\",\"item\":\"https:\/\/www.spacub.com\/spacubsl\/en\/shop\/\"},{\"@type\":\"ListItem\",\"position\":3,\"name\":\"BUZ-T\/MV\"}]},{\"@type\":\"WebSite\",\"@id\":\"https:\/\/www.spacub.com\/spacubsl\/#website\",\"url\":\"https:\/\/www.spacub.com\/spacubsl\/\",\"name\":\"SPACUB\",\"description\":\"... por tu seguridad\",\"potentialAction\":[{\"@type\":\"SearchAction\",\"target\":{\"@type\":\"EntryPoint\",\"urlTemplate\":\"https:\/\/www.spacub.com\/spacubsl\/?s={search_term_string}\"},\"query-input\":\"required name=search_term_string\"}],\"inLanguage\":\"en-US\"}]}<\/script>\n<!-- \/ Yoast SEO plugin. -->","yoast_head_json":{"title":"BUZ-T\/MV - SPACUB","robots":{"index":"index","follow":"follow","max-snippet":"max-snippet:-1","max-image-preview":"max-image-preview:large","max-video-preview":"max-video-preview:-1"},"canonical":"https:\/\/www.spacub.com\/spacubsl\/es\/product\/buz-t-mv\/","og_locale":"en_US","og_type":"article","og_title":"BUZ-T\/MV - SPACUB","og_description":"Mono media Visibilidad Ref. BUZ-T\/MV Descripci\u00f3n: Mono de media visibilidad en sarga 200gr. Compuesto 65% poli\u00e9ster y 35% algod\u00f3n. Una banda reflectante en el pecho. Apertura frontal por el pecho. El\u00e1stico en la parte trasera. Pu\u00f1os el\u00e1sticos Disponible en 100% algod\u00f3n. Talla: S \/ M \/ L \/ XL \/ XXL \/ XXXL Color: Azul (BUZ-T\/MV-AZ) \u00a0\u00a0\u00a0\u00a0\u00a0\u00a0\u00a0\u00a0\u00a0\u00a0\u00a0 Verde (BUZ-T\/MV-V) \u00a0\u00a0\u00a0\u00a0\u00a0\u00a0\u00a0\u00a0\u00a0\u00a0\u00a0 Naranja (BUZ-T\/AV-N) Normativa: EN 340. Ropa de protecci\u00f3n.","og_url":"https:\/\/www.spacub.com\/spacubsl\/es\/product\/buz-t-mv\/","og_site_name":"SPACUB","article_modified_time":"2020-01-15T18:51:25+00:00","og_image":[{"width":640,"height":480,"url":"https:\/\/www.spacub.com\/spacubsl\/wp-content\/uploads\/2019\/04\/BUZ-T-MV.jpg","type":"image\/jpeg"}],"twitter_card":"summary_large_image","schema":{"@context":"https:\/\/schema.org","@graph":[{"@type":"WebPage","@id":"https:\/\/www.spacub.com\/spacubsl\/es\/product\/buz-t-mv\/","url":"https:\/\/www.spacub.com\/spacubsl\/es\/product\/buz-t-mv\/","name":"BUZ-T\/MV - SPACUB","isPartOf":{"@id":"https:\/\/www.spacub.com\/spacubsl\/#website"},"primaryImageOfPage":{"@id":"https:\/\/www.spacub.com\/spacubsl\/es\/product\/buz-t-mv\/#primaryimage"},"image":{"@id":"https:\/\/www.spacub.com\/spacubsl\/es\/product\/buz-t-mv\/#primaryimage"},"thumbnailUrl":"https:\/\/www.spacub.com\/spacubsl\/wp-content\/uploads\/2019\/04\/BUZ-T-MV.jpg","datePublished":"2019-04-24T02:30:00+00:00","dateModified":"2020-01-15T18:51:25+00:00","breadcrumb":{"@id":"https:\/\/www.spacub.com\/spacubsl\/es\/product\/buz-t-mv\/#breadcrumb"},"inLanguage":"en-US","potentialAction":[{"@type":"ReadAction","target":["https:\/\/www.spacub.com\/spacubsl\/es\/product\/buz-t-mv\/"]}]},{"@type":"ImageObject","inLanguage":"en-US","@id":"https:\/\/www.spacub.com\/spacubsl\/es\/product\/buz-t-mv\/#primaryimage","url":"https:\/\/www.spacub.com\/spacubsl\/wp-content\/uploads\/2019\/04\/BUZ-T-MV.jpg","contentUrl":"https:\/\/www.spacub.com\/spacubsl\/wp-content\/uploads\/2019\/04\/BUZ-T-MV.jpg","width":640,"height":480},{"@type":"BreadcrumbList","@id":"https:\/\/www.spacub.com\/spacubsl\/es\/product\/buz-t-mv\/#breadcrumb","itemListElement":[{"@type":"ListItem","position":1,"name":"Home","item":"https:\/\/www.spacub.com\/spacubsl\/es\/"},{"@type":"ListItem","position":2,"name":"Products","item":"https:\/\/www.spacub.com\/spacubsl\/en\/shop\/"},{"@type":"ListItem","position":3,"name":"BUZ-T\/MV"}]},{"@type":"WebSite","@id":"https:\/\/www.spacub.com\/spacubsl\/#website","url":"https:\/\/www.spacub.com\/spacubsl\/","name":"SPACUB","description":"... por tu seguridad","potentialAction":[{"@type":"SearchAction","target":{"@type":"EntryPoint","urlTemplate":"https:\/\/www.spacub.com\/spacubsl\/?s={search_term_string}"},"query-input":"required name=search_term_string"}],"inLanguage":"en-US"}]}},"_links":{"self":[{"href":"https:\/\/www.spacub.com\/spacubsl\/wp-json\/wp\/v2\/product\/2912"}],"collection":[{"href":"https:\/\/www.spacub.com\/spacubsl\/wp-json\/wp\/v2\/product"}],"about":[{"href":"https:\/\/www.spacub.com\/spacubsl\/wp-json\/wp\/v2\/types\/product"}],"replies":[{"embeddable":true,"href":"https:\/\/www.spacub.com\/spacubsl\/wp-json\/wp\/v2\/comments?post=2912"}],"version-history":[{"count":0,"href":"https:\/\/www.spacub.com\/spacubsl\/wp-json\/wp\/v2\/product\/2912\/revisions"}],"wp:featuredmedia":[{"embeddable":true,"href":"https:\/\/www.spacub.com\/spacubsl\/wp-json\/wp\/v2\/media\/5404"}],"wp:attachment":[{"href":"https:\/\/www.spacub.com\/spacubsl\/wp-json\/wp\/v2\/media?parent=2912"}],"wp:term":[{"taxonomy":"product_cat","embeddable":true,"href":"https:\/\/www.spacub.com\/spacubsl\/wp-json\/wp\/v2\/product_cat?post=2912"},{"taxonomy":"product_tag","embeddable":true,"href":"https:\/\/www.spacub.com\/spacubsl\/wp-json\/wp\/v2\/product_tag?post=2912"}],"curies":[{"name":"wp","href":"https:\/\/api.w.org\/{rel}","templated":true}]}}