{"id":2709,"date":"2019-01-22T19:50:35","date_gmt":"2019-01-22T19:50:35","guid":{"rendered":"https:\/\/www.spacub.com\/spacubsl\/?page_id=2709"},"modified":"2020-09-13T02:28:48","modified_gmt":"2020-09-13T02:28:48","slug":"quienes-somos","status":"publish","type":"page","link":"https:\/\/www.spacub.com\/spacubsl\/es\/quienes-somos\/","title":{"rendered":"Quienes Somos"},"content":{"rendered":"\t\t<div data-elementor-type=\"wp-post\" data-elementor-id=\"2709\" class=\"elementor elementor-2709\">\n\t\t\t\t\t\t<section class=\"elementor-section elementor-top-section elementor-element elementor-element-2da8278 elementor-section-boxed elementor-section-height-default elementor-section-height-default\" data-id=\"2da8278\" data-element_type=\"section\">\n\t\t\t\t\t\t<div class=\"elementor-container elementor-column-gap-default\">\n\t\t\t\t\t<div class=\"elementor-column elementor-col-50 elementor-top-column elementor-element elementor-element-7847004\" data-id=\"7847004\" data-element_type=\"column\">\n\t\t\t<div class=\"elementor-widget-wrap elementor-element-populated\">\n\t\t\t\t\t\t<div class=\"elementor-element elementor-element-5af335e elementor-widget elementor-widget-image\" data-id=\"5af335e\" data-element_type=\"widget\" data-widget_type=\"image.default\">\n\t\t\t\t<div class=\"elementor-widget-container\">\n\t\t\t\t\t\t\t\t\t\t\t\t\t<img fetchpriority=\"high\" decoding=\"async\" width=\"640\" height=\"496\" src=\"https:\/\/www.spacub.com\/spacubsl\/wp-content\/uploads\/2019\/08\/foto-1-almacen-espa\u00f1a-nuevo-logo.-1024x793.jpg\" class=\"attachment-large size-large wp-image-4160\" alt=\"\" srcset=\"https:\/\/www.spacub.com\/spacubsl\/wp-content\/uploads\/2019\/08\/foto-1-almacen-espa\u00f1a-nuevo-logo.-1024x793.jpg 1024w, https:\/\/www.spacub.com\/spacubsl\/wp-content\/uploads\/2019\/08\/foto-1-almacen-espa\u00f1a-nuevo-logo.-300x232.jpg 300w, https:\/\/www.spacub.com\/spacubsl\/wp-content\/uploads\/2019\/08\/foto-1-almacen-espa\u00f1a-nuevo-logo.-768x595.jpg 768w, https:\/\/www.spacub.com\/spacubsl\/wp-content\/uploads\/2019\/08\/foto-1-almacen-espa\u00f1a-nuevo-logo.-600x465.jpg 600w\" sizes=\"(max-width: 640px) 100vw, 640px\" \/>\t\t\t\t\t\t\t\t\t\t\t\t\t<\/div>\n\t\t\t\t<\/div>\n\t\t\t\t<div class=\"elementor-element elementor-element-2d1225c elementor--star-style-star_fontawesome elementor-widget elementor-widget-star-rating\" data-id=\"2d1225c\" data-element_type=\"widget\" data-widget_type=\"star-rating.default\">\n\t\t\t\t<div class=\"elementor-widget-container\">\n\t\t\t\n\t\t<div class=\"elementor-star-rating__wrapper\">\n\t\t\t\t\t\t<div class=\"elementor-star-rating\" title=\"5\/5\" itemtype=\"http:\/\/schema.org\/Rating\" itemscope=\"\" itemprop=\"reviewRating\"><i class=\"elementor-star-full\">&#xE934;<\/i><i class=\"elementor-star-full\">&#xE934;<\/i><i class=\"elementor-star-full\">&#xE934;<\/i><i class=\"elementor-star-full\">&#xE934;<\/i><i class=\"elementor-star-full\">&#xE934;<\/i> <span itemprop=\"ratingValue\" class=\"elementor-screen-only\">5\/5<\/span><\/div>\t\t<\/div>\n\t\t\t\t<\/div>\n\t\t\t\t<\/div>\n\t\t\t\t\t<\/div>\n\t\t<\/div>\n\t\t\t\t<div class=\"elementor-column elementor-col-50 elementor-top-column elementor-element elementor-element-91c7f68\" data-id=\"91c7f68\" data-element_type=\"column\">\n\t\t\t<div class=\"elementor-widget-wrap elementor-element-populated\">\n\t\t\t\t\t\t<div class=\"elementor-element elementor-element-f561c9b elementor-widget elementor-widget-text-editor\" data-id=\"f561c9b\" data-element_type=\"widget\" data-widget_type=\"text-editor.default\">\n\t\t\t\t<div class=\"elementor-widget-container\">\n\t\t\t\t\t\t\t<div class=\"elementor-element-overlay\"><p style=\"text-align: justify;\"><span style=\"color: #333333;\">La empresa <strong>SPACUB, S.L.<\/strong>\u00a0creada en 1992 y respaldada por una experiencia de muchos a\u00f1os en el sector del calzado, ha ido potenciando su actividad tanto a nivel nacional como internacional.<\/span><\/p><p style=\"text-align: justify;\"><span style=\"color: #333333;\">Tras su constante evoluci\u00f3n y adaptaci\u00f3n al mercado y a sus clientes, se apost\u00f3 por la incorporaci\u00f3n de una l\u00ednea de productos en el sector de\u00a0<strong>Medios de Protecci\u00f3n Laboral.<\/strong><\/span><\/p><p class=\"elementor-element-overlay\" style=\"text-align: justify;\"><span style=\"color: #333333;\">Y as\u00ed ampliar la actividad comercial (calzado terminado y materia prima para la fabricaci\u00f3n del mismo).<\/span><\/p><p style=\"text-align: justify;\"><span style=\"color: #333333;\"><strong>SPACUB<\/strong>, se mantiene fiel a su filosof\u00eda de empresa basada en la calidad del producto y en su saber hacer. Esto le ha llevado a convertirse, en algunos mercados Latino Americanos, en lider de ventas.<\/span><\/p><\/div>\t\t\t\t\t\t<\/div>\n\t\t\t\t<\/div>\n\t\t\t\t\t<\/div>\n\t\t<\/div>\n\t\t\t\t\t<\/div>\n\t\t<\/section>\n\t\t\t\t<\/div>\n\t\t","protected":false},"excerpt":{"rendered":"<p>\uf005\uf005\uf005\uf005\uf005 5\/5 La empresa SPACUB, S.L.&nbsp;creada en 1992 y respaldada por una experiencia de muchos a\u00f1os en el sector del calzado, ha ido potenciando su actividad tanto a nivel nacional como internacional. Tras su constante evoluci\u00f3n y adaptaci\u00f3n al mercado y a sus clientes, se apost\u00f3 por la incorporaci\u00f3n de una l\u00ednea de productos en [&hellip;]<\/p>\n","protected":false},"author":1,"featured_media":0,"parent":0,"menu_order":0,"comment_status":"closed","ping_status":"closed","template":"","meta":{"footnotes":""},"yoast_head":"<!-- This site is optimized with the Yoast SEO plugin v22.7 - https:\/\/yoast.com\/wordpress\/plugins\/seo\/ -->\n<title>Quienes Somos - SPACUB<\/title>\n<meta name=\"robots\" content=\"index, follow, max-snippet:-1, max-image-preview:large, max-video-preview:-1\" \/>\n<link rel=\"canonical\" href=\"https:\/\/www.spacub.com\/spacubsl\/es\/quienes-somos\/\" \/>\n<meta property=\"og:locale\" content=\"en_US\" \/>\n<meta property=\"og:type\" content=\"article\" \/>\n<meta property=\"og:title\" content=\"Quienes Somos - SPACUB\" \/>\n<meta property=\"og:description\" content=\"\uf005\uf005\uf005\uf005\uf005 5\/5 La empresa SPACUB, S.L.&nbsp;creada en 1992 y respaldada por una experiencia de muchos a\u00f1os en el sector del calzado, ha ido potenciando su actividad tanto a nivel nacional como internacional. Tras su constante evoluci\u00f3n y adaptaci\u00f3n al mercado y a sus clientes, se apost\u00f3 por la incorporaci\u00f3n de una l\u00ednea de productos en [&hellip;]\" \/>\n<meta property=\"og:url\" content=\"https:\/\/www.spacub.com\/spacubsl\/es\/quienes-somos\/\" \/>\n<meta property=\"og:site_name\" content=\"SPACUB\" \/>\n<meta property=\"article:modified_time\" content=\"2020-09-13T02:28:48+00:00\" \/>\n<meta property=\"og:image\" content=\"https:\/\/www.spacub.com\/spacubsl\/wp-content\/uploads\/2019\/08\/foto-1-almacen-espa\u00f1a-nuevo-logo.-1024x793.jpg\" \/>\n<meta name=\"twitter:card\" content=\"summary_large_image\" \/>\n<meta name=\"twitter:label1\" content=\"Est. reading time\" \/>\n\t<meta name=\"twitter:data1\" content=\"1 minute\" \/>\n<script type=\"application\/ld+json\" class=\"yoast-schema-graph\">{\"@context\":\"https:\/\/schema.org\",\"@graph\":[{\"@type\":\"WebPage\",\"@id\":\"https:\/\/www.spacub.com\/spacubsl\/es\/quienes-somos\/\",\"url\":\"https:\/\/www.spacub.com\/spacubsl\/es\/quienes-somos\/\",\"name\":\"Quienes Somos - SPACUB\",\"isPartOf\":{\"@id\":\"https:\/\/www.spacub.com\/spacubsl\/#website\"},\"datePublished\":\"2019-01-22T19:50:35+00:00\",\"dateModified\":\"2020-09-13T02:28:48+00:00\",\"breadcrumb\":{\"@id\":\"https:\/\/www.spacub.com\/spacubsl\/es\/quienes-somos\/#breadcrumb\"},\"inLanguage\":\"en-US\",\"potentialAction\":[{\"@type\":\"ReadAction\",\"target\":[\"https:\/\/www.spacub.com\/spacubsl\/es\/quienes-somos\/\"]}]},{\"@type\":\"BreadcrumbList\",\"@id\":\"https:\/\/www.spacub.com\/spacubsl\/es\/quienes-somos\/#breadcrumb\",\"itemListElement\":[{\"@type\":\"ListItem\",\"position\":1,\"name\":\"Home\",\"item\":\"https:\/\/www.spacub.com\/spacubsl\/es\/\"},{\"@type\":\"ListItem\",\"position\":2,\"name\":\"Quienes Somos\"}]},{\"@type\":\"WebSite\",\"@id\":\"https:\/\/www.spacub.com\/spacubsl\/#website\",\"url\":\"https:\/\/www.spacub.com\/spacubsl\/\",\"name\":\"SPACUB\",\"description\":\"... por tu seguridad\",\"potentialAction\":[{\"@type\":\"SearchAction\",\"target\":{\"@type\":\"EntryPoint\",\"urlTemplate\":\"https:\/\/www.spacub.com\/spacubsl\/?s={search_term_string}\"},\"query-input\":\"required name=search_term_string\"}],\"inLanguage\":\"en-US\"}]}<\/script>\n<!-- \/ Yoast SEO plugin. -->","yoast_head_json":{"title":"Quienes Somos - SPACUB","robots":{"index":"index","follow":"follow","max-snippet":"max-snippet:-1","max-image-preview":"max-image-preview:large","max-video-preview":"max-video-preview:-1"},"canonical":"https:\/\/www.spacub.com\/spacubsl\/es\/quienes-somos\/","og_locale":"en_US","og_type":"article","og_title":"Quienes Somos - SPACUB","og_description":"\uf005\uf005\uf005\uf005\uf005 5\/5 La empresa SPACUB, S.L.&nbsp;creada en 1992 y respaldada por una experiencia de muchos a\u00f1os en el sector del calzado, ha ido potenciando su actividad tanto a nivel nacional como internacional. Tras su constante evoluci\u00f3n y adaptaci\u00f3n al mercado y a sus clientes, se apost\u00f3 por la incorporaci\u00f3n de una l\u00ednea de productos en [&hellip;]","og_url":"https:\/\/www.spacub.com\/spacubsl\/es\/quienes-somos\/","og_site_name":"SPACUB","article_modified_time":"2020-09-13T02:28:48+00:00","og_image":[{"url":"https:\/\/www.spacub.com\/spacubsl\/wp-content\/uploads\/2019\/08\/foto-1-almacen-espa\u00f1a-nuevo-logo.-1024x793.jpg"}],"twitter_card":"summary_large_image","twitter_misc":{"Est. reading time":"1 minute"},"schema":{"@context":"https:\/\/schema.org","@graph":[{"@type":"WebPage","@id":"https:\/\/www.spacub.com\/spacubsl\/es\/quienes-somos\/","url":"https:\/\/www.spacub.com\/spacubsl\/es\/quienes-somos\/","name":"Quienes Somos - SPACUB","isPartOf":{"@id":"https:\/\/www.spacub.com\/spacubsl\/#website"},"datePublished":"2019-01-22T19:50:35+00:00","dateModified":"2020-09-13T02:28:48+00:00","breadcrumb":{"@id":"https:\/\/www.spacub.com\/spacubsl\/es\/quienes-somos\/#breadcrumb"},"inLanguage":"en-US","potentialAction":[{"@type":"ReadAction","target":["https:\/\/www.spacub.com\/spacubsl\/es\/quienes-somos\/"]}]},{"@type":"BreadcrumbList","@id":"https:\/\/www.spacub.com\/spacubsl\/es\/quienes-somos\/#breadcrumb","itemListElement":[{"@type":"ListItem","position":1,"name":"Home","item":"https:\/\/www.spacub.com\/spacubsl\/es\/"},{"@type":"ListItem","position":2,"name":"Quienes Somos"}]},{"@type":"WebSite","@id":"https:\/\/www.spacub.com\/spacubsl\/#website","url":"https:\/\/www.spacub.com\/spacubsl\/","name":"SPACUB","description":"... por tu seguridad","potentialAction":[{"@type":"SearchAction","target":{"@type":"EntryPoint","urlTemplate":"https:\/\/www.spacub.com\/spacubsl\/?s={search_term_string}"},"query-input":"required name=search_term_string"}],"inLanguage":"en-US"}]}},"_links":{"self":[{"href":"https:\/\/www.spacub.com\/spacubsl\/wp-json\/wp\/v2\/pages\/2709"}],"collection":[{"href":"https:\/\/www.spacub.com\/spacubsl\/wp-json\/wp\/v2\/pages"}],"about":[{"href":"https:\/\/www.spacub.com\/spacubsl\/wp-json\/wp\/v2\/types\/page"}],"author":[{"embeddable":true,"href":"https:\/\/www.spacub.com\/spacubsl\/wp-json\/wp\/v2\/users\/1"}],"replies":[{"embeddable":true,"href":"https:\/\/www.spacub.com\/spacubsl\/wp-json\/wp\/v2\/comments?post=2709"}],"version-history":[{"count":0,"href":"https:\/\/www.spacub.com\/spacubsl\/wp-json\/wp\/v2\/pages\/2709\/revisions"}],"wp:attachment":[{"href":"https:\/\/www.spacub.com\/spacubsl\/wp-json\/wp\/v2\/media?parent=2709"}],"curies":[{"name":"wp","href":"https:\/\/api.w.org\/{rel}","templated":true}]}}

<div data-elementor-type="wp-post" data-elementor-id="2709" class="elementor elementor-2709">
						<section class="elementor-section elementor-top-section elementor-element elementor-element-2da8278 elementor-section-boxed elementor-section-height-default elementor-section-height-default" data-id="2da8278" data-element_type="section">
						<div class="elementor-container elementor-column-gap-default">
					<div class="elementor-column elementor-col-50 elementor-top-column elementor-element elementor-element-7847004" data-id="7847004" data-element_type="column">
			<div class="elementor-widget-wrap elementor-element-populated">
						<div class="elementor-element elementor-element-5af335e elementor-widget elementor-widget-image" data-id="5af335e" data-element_type="widget" data-widget_type="image.default">
				<div class="elementor-widget-container">
													<img fetchpriority="high" decoding="async" width="640" height="496" src="https://www.spacub.com/spacubsl/wp-content/uploads/2019/08/foto-1-almacen-españa-nuevo-logo.-1024x793.jpg" class="attachment-large size-large wp-image-4160" alt="" srcset="https://www.spacub.com/spacubsl/wp-content/uploads/2019/08/foto-1-almacen-españa-nuevo-logo.-1024x793.jpg 1024w, https://www.spacub.com/spacubsl/wp-content/uploads/2019/08/foto-1-almacen-españa-nuevo-logo.-300x232.jpg 300w, https://www.spacub.com/spacubsl/wp-content/uploads/2019/08/foto-1-almacen-españa-nuevo-logo.-768x595.jpg 768w, https://www.spacub.com/spacubsl/wp-content/uploads/2019/08/foto-1-almacen-españa-nuevo-logo.-600x465.jpg 600w" sizes="(max-width: 640px) 100vw, 640px" />													</div>
				</div>
				<div class="elementor-element elementor-element-2d1225c elementor--star-style-star_fontawesome elementor-widget elementor-widget-star-rating" data-id="2d1225c" data-element_type="widget" data-widget_type="star-rating.default">
				<div class="elementor-widget-container">
			
		<div class="elementor-star-rating__wrapper">
						<div class="elementor-star-rating" title="5/5" itemtype="http://schema.org/Rating" itemscope="" itemprop="reviewRating"><i class="elementor-star-full">&#xE934;</i><i class="elementor-star-full">&#xE934;</i><i class="elementor-star-full">&#xE934;</i><i class="elementor-star-full">&#xE934;</i><i class="elementor-star-full">&#xE934;</i> <span itemprop="ratingValue" class="elementor-screen-only">5/5</span></div>		</div>
				</div>
				</div>
					</div>
		</div>
				<div class="elementor-column elementor-col-50 elementor-top-column elementor-element elementor-element-91c7f68" data-id="91c7f68" data-element_type="column">
			<div class="elementor-widget-wrap elementor-element-populated">
						<div class="elementor-element elementor-element-f561c9b elementor-widget elementor-widget-text-editor" data-id="f561c9b" data-element_type="widget" data-widget_type="text-editor.default">
				<div class="elementor-widget-container">
							<div class="elementor-element-overlay"><p style="text-align: justify;"><span style="color: #333333;">La empresa <strong>SPACUB, S.L.</strong> creada en 1992 y respaldada por una experiencia de muchos años en el sector del calzado, ha ido potenciando su actividad tanto a nivel nacional como internacional.</span></p><p style="text-align: justify;"><span style="color: #333333;">Tras su constante evolución y adaptación al mercado y a sus clientes, se apostó por la incorporación de una línea de productos en el sector de <strong>Medios de Protección Laboral.</strong></span></p><p class="elementor-element-overlay" style="text-align: justify;"><span style="color: #333333;">Y así ampliar la actividad comercial (calzado terminado y materia prima para la fabricación del mismo).</span></p><p style="text-align: justify;"><span style="color: #333333;"><strong>SPACUB</strong>, se mantiene fiel a su filosofía de empresa basada en la calidad del producto y en su saber hacer. Esto le ha llevado a convertirse, en algunos mercados Latino Americanos, en lider de ventas.</span></p></div>						</div>
				</div>
					</div>
		</div>
					</div>
		</section>
				</div>

<p> 5/5 La empresa SPACUB, S.L.&nbsp;creada en 1992 y respaldada por una experiencia de muchos años en el sector del calzado, ha ido potenciando su actividad tanto a nivel nacional como internacional. Tras su constante evolución y adaptación al mercado y a sus clientes, se apostó por la incorporación de una línea de productos en [&hellip;]</p>

<!-- This site is optimized with the Yoast SEO plugin v22.7 - https://yoast.com/wordpress/plugins/seo/ -->
<title>Quienes Somos - SPACUB</title>
<meta name="robots" content="index, follow, max-snippet:-1, max-image-preview:large, max-video-preview:-1" />
<link rel="canonical" href="https://www.spacub.com/spacubsl/es/quienes-somos/" />
<meta property="og:locale" content="en_US" />
<meta property="og:type" content="article" />
<meta property="og:title" content="Quienes Somos - SPACUB" />
<meta property="og:description" content=" 5/5 La empresa SPACUB, S.L.&nbsp;creada en 1992 y respaldada por una experiencia de muchos años en el sector del calzado, ha ido potenciando su actividad tanto a nivel nacional como internacional. Tras su constante evolución y adaptación al mercado y a sus clientes, se apostó por la incorporación de una línea de productos en [&hellip;]" />
<meta property="og:url" content="https://www.spacub.com/spacubsl/es/quienes-somos/" />
<meta property="og:site_name" content="SPACUB" />
<meta property="article:modified_time" content="2020-09-13T02:28:48+00:00" />
<meta property="og:image" content="https://www.spacub.com/spacubsl/wp-content/uploads/2019/08/foto-1-almacen-españa-nuevo-logo.-1024x793.jpg" />
<meta name="twitter:card" content="summary_large_image" />
<meta name="twitter:label1" content="Est. reading time" />
	<meta name="twitter:data1" content="1 minute" />
<script type="application/ld+json" class="yoast-schema-graph">{"@context":"https://schema.org","@graph":[{"@type":"WebPage","@id":"https://www.spacub.com/spacubsl/es/quienes-somos/","url":"https://www.spacub.com/spacubsl/es/quienes-somos/","name":"Quienes Somos - SPACUB","isPartOf":{"@id":"https://www.spacub.com/spacubsl/#website"},"datePublished":"2019-01-22T19:50:35+00:00","dateModified":"2020-09-13T02:28:48+00:00","breadcrumb":{"@id":"https://www.spacub.com/spacubsl/es/quienes-somos/#breadcrumb"},"inLanguage":"en-US","potentialAction":[{"@type":"ReadAction","target":["https://www.spacub.com/spacubsl/es/quienes-somos/"]}]},{"@type":"BreadcrumbList","@id":"https://www.spacub.com/spacubsl/es/quienes-somos/#breadcrumb","itemListElement":[{"@type":"ListItem","position":1,"name":"Home","item":"https://www.spacub.com/spacubsl/es/"},{"@type":"ListItem","position":2,"name":"Quienes Somos"}]},{"@type":"WebSite","@id":"https://www.spacub.com/spacubsl/#website","url":"https://www.spacub.com/spacubsl/","name":"SPACUB","description":"... por tu seguridad","potentialAction":[{"@type":"SearchAction","target":{"@type":"EntryPoint","urlTemplate":"https://www.spacub.com/spacubsl/?s={search_term_string}"},"query-input":"required name=search_term_string"}],"inLanguage":"en-US"}]}</script>
<!-- / Yoast SEO plugin. -->

 5/5 La empresa SPACUB, S.L.&nbsp;creada en 1992 y respaldada por una experiencia de muchos años en el sector del calzado, ha ido potenciando su actividad tanto a nivel nacional como internacional. Tras su constante evolución y adaptación al mercado y a sus clientes, se apostó por la incorporación de una línea de productos en [&hellip;]

https://www.spacub.com/spacubsl/wp-content/uploads/2019/08/foto-1-almacen-españa-nuevo-logo.-1024x793.jpg
